{"id":118,"date":"2024-01-22T20:29:00","date_gmt":"2024-01-22T20:29:00","guid":{"rendered":"https:\/\/reserved-for-yoga.de\/?page_id=118"},"modified":"2024-01-22T22:19:41","modified_gmt":"2024-01-22T22:19:41","slug":"hatha-yoga-praeventiv-am-vormittag","status":"publish","type":"page","link":"https:\/\/reserved-for-yoga.de\/?page_id=118","title":{"rendered":"Hatha Yoga Pr\u00e4ventiv am Vormittag"},"content":{"rendered":"\n<p>ab dem 07. Februar 2024 startet wieder ein Pr\u00e4ventionskurs der von der Krankenkasse bezuschusst wird.<br>10 Einheiten vom 07.02. &#8211; 24.04.24 <br>Kosten: 140,- Euro<br>Gruppengr\u00f6\u00dfe bis zu 8 Personen<br><br>Wir praktizieren mit:<\/p>\n\n\n\n<figure class=\"wp-block-image is-resized\"><img loading=\"lazy\" decoding=\"async\" width=\"767\" height=\"584\" src=\"https:\/\/reserved-for-yoga.de\/wp-content\/uploads\/2024\/01\/IMG_0556.jpeg\" alt=\"\" class=\"wp-image-121\" style=\"width:256px;height:auto\" srcset=\"https:\/\/reserved-for-yoga.de\/wp-content\/uploads\/2024\/01\/IMG_0556.jpeg 767w, https:\/\/reserved-for-yoga.de\/wp-content\/uploads\/2024\/01\/IMG_0556-300x228.jpeg 300w\" sizes=\"auto, (max-width: 767px) 100vw, 767px\" \/><\/figure>\n\n\n\n<p>du solltest also keine Hunde- oder Katzenhaarallergie haben, kuscheln erw\u00fcnscht!<\/p>\n\n\n\n<figure class=\"wp-block-image is-resized\"><img loading=\"lazy\" decoding=\"async\" width=\"756\" height=\"1389\" src=\"https:\/\/reserved-for-yoga.de\/wp-content\/uploads\/2024\/01\/IMG_0557.jpeg\" alt=\"\" class=\"wp-image-122\" style=\"width:503px;height:auto\" srcset=\"https:\/\/reserved-for-yoga.de\/wp-content\/uploads\/2024\/01\/IMG_0557.jpeg 756w, https:\/\/reserved-for-yoga.de\/wp-content\/uploads\/2024\/01\/IMG_0557-163x300.jpeg 163w, https:\/\/reserved-for-yoga.de\/wp-content\/uploads\/2024\/01\/IMG_0557-557x1024.jpeg 557w\" sizes=\"auto, (max-width: 756px) 100vw, 756px\" \/><\/figure>\n\n\n\n<p>Anmeldung unter: <a href=\"mailto:claudia@reserved-for-yoga.de\">claudia@reserved-for-yoga.de<\/a><\/p>\n","protected":false},"excerpt":{"rendered":"<p>ab dem 07. Februar 2024 startet wieder ein Pr\u00e4ventionskurs der von der Krankenkasse bezuschusst wird.10 Einheiten vom 07.02. &#8211; 24.04.24 Kosten: 140,- EuroGruppengr\u00f6\u00dfe bis zu 8 Personen Wir praktizieren mit: du solltest also keine Hunde- oder Katzenhaarallergie haben, kuscheln erw\u00fcnscht! Anmeldung unter: claudia@reserved-for-yoga.de<\/p>\n","protected":false},"author":1,"featured_media":0,"parent":0,"menu_order":0,"comment_status":"closed","ping_status":"closed","template":"","meta":{"footnotes":""},"class_list":["post-118","page","type-page","status-publish","hentry"],"aioseo_notices":[],"_links":{"self":[{"href":"https:\/\/reserved-for-yoga.de\/index.php?rest_route=\/wp\/v2\/pages\/118","targetHints":{"allow":["GET"]}}],"collection":[{"href":"https:\/\/reserved-for-yoga.de\/index.php?rest_route=\/wp\/v2\/pages"}],"about":[{"href":"https:\/\/reserved-for-yoga.de\/index.php?rest_route=\/wp\/v2\/types\/page"}],"author":[{"embeddable":true,"href":"https:\/\/reserved-for-yoga.de\/index.php?rest_route=\/wp\/v2\/users\/1"}],"replies":[{"embeddable":true,"href":"https:\/\/reserved-for-yoga.de\/index.php?rest_route=%2Fwp%2Fv2%2Fcomments&post=118"}],"version-history":[{"count":3,"href":"https:\/\/reserved-for-yoga.de\/index.php?rest_route=\/wp\/v2\/pages\/118\/revisions"}],"predecessor-version":[{"id":147,"href":"https:\/\/reserved-for-yoga.de\/index.php?rest_route=\/wp\/v2\/pages\/118\/revisions\/147"}],"wp:attachment":[{"href":"https:\/\/reserved-for-yoga.de\/index.php?rest_route=%2Fwp%2Fv2%2Fmedia&parent=118"}],"curies":[{"name":"wp","href":"https:\/\/api.w.org\/{rel}","templated":true}]}}