{"id":62,"date":"2024-01-22T12:53:08","date_gmt":"2024-01-22T12:53:08","guid":{"rendered":"https:\/\/reserved-for-yoga.de\/?page_id=62"},"modified":"2024-01-22T22:20:10","modified_gmt":"2024-01-22T22:20:10","slug":"angaben-gemaess-%c2%a7-5-tmg","status":"publish","type":"page","link":"https:\/\/reserved-for-yoga.de\/?page_id=62","title":{"rendered":"Impressum"},"content":{"rendered":"\n<h2 class=\"wp-block-heading\">Angaben gem\u00e4\u00df \u00a7 5 TMG<\/h2>\n\n\n\n<p>reserved-for-yoga<br>Claudia Klamt<br>Liegnitzer Str. 2 f<br>58454 Witten<\/p>\n\n\n\n<h2 class=\"wp-block-heading\">Kontakt<\/h2>\n\n\n\n<p>Telefon: 01601823660 <br>E-Mail: <a href=\"mailto:claudia@reserved-for-yoga.de\">claudia@reserved-for-yoga.de<\/a><\/p>\n\n\n\n<h3 class=\"wp-block-heading\">Einzelunternehmen<\/h3>\n\n\n\n<p>Umsatzsteuer-Identifikationsnummer: 348\/5095\/3512 Finanzamt Witten<br>Umsatzsteuerbefreit aufgrund der Kleinunternehmerregelung gem. \u00a7 19 UStG.<\/p>\n\n\n\n<h3 class=\"wp-block-heading\">Streitschlichtung<\/h3>\n\n\n\n<p>Ich bin nicht bereit oder verpflichtet an einem Streitbeteiligungsverfahren vor einer Verbraucherschlichtungsstelle teilzunehmen.<\/p>\n\n\n\n<h3 class=\"wp-block-heading\">Hinweis zur Website<\/h3>\n\n\n\n<p>Haftung f\u00fcr Inhalte<br><br>Die Inhalte meiner Seiten wurden und werden mit gr\u00f6\u00dfter Sorgfalt erstellt. F\u00fcr die Richtigkeit, Vollst\u00e4ndigkeit und Aktualit\u00e4t der Inhalte kann ich jedoch keine Gew\u00e4hr \u00fcbernehmen, speziell f\u00fcr jene, die seitens Dritter bereitgestellt wurden. Als Dienstanbieter bin ich nach \u00a7 7 Abs. 1 TMG f\u00fcr eigene Inhalte auf diesen Seiten nach den allgemeinen Gesetzen verantwortlich. Nach \u00a7\u00a7 8 bis 10 TMG bin ich als Dienstanbieter jedoch nicht verpflichtet, \u00fcbermittelte oder gespeicherte fremde Informationen zu \u00fcberwachen oder nach Umst\u00e4nden zu forschen, die auf eine rechtswidrige T\u00e4tigkeit hinweisen. Verpflichtungen zur Entfernung oder Sperrung der Nutzung von Informationen nach den allgemeinen Gesetzen bleiben hiervon unber\u00fchrt. Eine diesbez\u00fcgliche Haftung ist jedoch erst ab dem Zeitpunkt der Kenntnis einer konkreten Rechtsverletzung m\u00f6glich. Bei bekannt werden von entsprechenden Rechtsverletzungen werde ich diese Inhalte umgehend entfernen. Sollten dir problematische oder rechtswidrige Inhalte auffallen, bitte ich dich mich umgehend zu kontaktieren.<br><br>Haftung f\u00fcr Links<br><br>Die Websites enthalten Links zu Externen Anbietern, auf deren Inhalt ich keinen Einfluss habe und daher auch keine Gew\u00e4hr \u00fcbernehme. Rechtswidrige, Diskriminierende oder anst\u00f6\u00dfige Inhalte waren zum Zeitpunkt der Verlinkung nicht erkennbar. Ich distanziere mich daher ausdr\u00fccklich von den \u00c4nderungen der Inhalte der verlinkten Seiten. F\u00fcr die verlinkten Seiten ist ausdr\u00fccklich der jeweilige Anbieter \/ Betreiber verantwortlich. <br><br>Sollte ich einen Link nicht ethisch, moralisch oder menschlich vertreten k\u00f6nnen, behalte ich mir vor, diesen Link zu l\u00f6schen.<\/p>\n\n\n\n<h2 class=\"wp-block-heading\">Urheberrecht<\/h2>\n\n\n\n<p>Alle Inhalte dieser Website (Fotos, Texte, Videos) unterliegen dem Urheberrecht. Jegliche Art der Verwendung (Vervielf\u00e4ltigung, Bearbeitung, Verbreitung etc.) bed\u00fcrfen einer schriftlichen Zustimmung des Urhebers (Claudia Klamt &#8211; reserved-for-yoga). Falls notwendig, werde ich die unerlaubte Nutzung von Teilen der Inhalte meiner Seite rechtlich verfolgen.<br>Sollten Dritte Inhalte auf dieser Website ver\u00f6ffentlichen, werden diese als solche gekennzeichnet.<br>Im Falle einer Copyright-Verletzung bitte ich um einen Hinweis per Email (Kontaktformular). Diese Homepage steht in keinerlei Zusammenhang mit irgendwelchen Firmen.<\/p>\n\n\n\n<h2 class=\"wp-block-heading\">Bildernachweis<\/h2>\n\n\n\n<p>Die Bilder, Fotos und Grafiken auf dieser Website sind urheberrechtlich gesch\u00fctzt.<\/p>\n\n\n\n<p>Fotos und Logo: Claudia Klamt<\/p>\n\n\n\n<p><\/p>\n\n\n\n<p><\/p>\n","protected":false},"excerpt":{"rendered":"<p>Angaben gem\u00e4\u00df \u00a7 5 TMG reserved-for-yogaClaudia KlamtLiegnitzer Str. 2 f58454 Witten Kontakt Telefon: 01601823660 E-Mail: claudia@reserved-for-yoga.de Einzelunternehmen Umsatzsteuer-Identifikationsnummer: 348\/5095\/3512 Finanzamt WittenUmsatzsteuerbefreit aufgrund der Kleinunternehmerregelung gem. \u00a7 19 UStG. Streitschlichtung Ich bin nicht bereit oder verpflichtet an einem Streitbeteiligungsverfahren vor einer Verbraucherschlichtungsstelle teilzunehmen. Hinweis zur Website Haftung f\u00fcr Inhalte Die Inhalte meiner Seiten wurden und werden mit gr\u00f6\u00dfter Sorgfalt erstellt. F\u00fcr die Richtigkeit, Vollst\u00e4ndigkeit und Aktualit\u00e4t der Inhalte kann ich jedoch keine Gew\u00e4hr \u00fcbernehmen, speziell f\u00fcr jene, die seitens Dritter bereitgestellt wurden. Als Dienstanbieter bin ich nach \u00a7 7 Abs. 1 TMG f\u00fcr eigene Inhalte auf diesen Seiten nach den allgemeinen Gesetzen verantwortlich. Nach \u00a7\u00a7 8 bis 10 TMG bin ich als Dienstanbieter jedoch nicht verpflichtet, \u00fcbermittelte oder gespeicherte fremde Informationen zu \u00fcberwachen oder nach Umst\u00e4nden zu forschen, die auf eine rechtswidrige T\u00e4tigkeit hinweisen. Verpflichtungen zur Entfernung oder Sperrung der Nutzung von Informationen nach den allgemeinen Gesetzen bleiben hiervon unber\u00fchrt. Eine diesbez\u00fcgliche Haftung ist jedoch erst ab dem Zeitpunkt der Kenntnis einer konkreten Rechtsverletzung m\u00f6glich. Bei bekannt werden von entsprechenden Rechtsverletzungen werde ich diese Inhalte umgehend entfernen. Sollten dir problematische oder rechtswidrige Inhalte auffallen, bitte ich dich mich umgehend zu kontaktieren. Haftung f\u00fcr Links Die Websites enthalten Links zu Externen Anbietern, auf deren Inhalt ich keinen Einfluss habe und daher auch keine Gew\u00e4hr \u00fcbernehme. Rechtswidrige, Diskriminierende oder anst\u00f6\u00dfige Inhalte waren zum Zeitpunkt der Verlinkung nicht erkennbar. Ich distanziere mich daher ausdr\u00fccklich von den \u00c4nderungen der Inhalte der verlinkten Seiten. F\u00fcr die verlinkten Seiten ist ausdr\u00fccklich der jeweilige Anbieter \/ Betreiber verantwortlich. Sollte ich einen Link nicht ethisch, moralisch oder menschlich vertreten k\u00f6nnen, behalte ich mir vor, diesen Link zu l\u00f6schen. Urheberrecht Alle Inhalte dieser Website (Fotos, Texte, Videos) unterliegen dem Urheberrecht. Jegliche Art der Verwendung (Vervielf\u00e4ltigung, Bearbeitung, Verbreitung etc.) bed\u00fcrfen einer schriftlichen Zustimmung des Urhebers (Claudia Klamt &#8211; reserved-for-yoga). Falls notwendig, werde ich die unerlaubte Nutzung von Teilen der Inhalte meiner Seite rechtlich verfolgen.Sollten Dritte Inhalte auf dieser Website ver\u00f6ffentlichen, werden diese als solche gekennzeichnet.Im Falle einer Copyright-Verletzung bitte ich um einen Hinweis per Email (Kontaktformular). Diese Homepage steht in keinerlei Zusammenhang mit irgendwelchen Firmen. Bildernachweis Die Bilder, Fotos und Grafiken auf dieser Website sind urheberrechtlich gesch\u00fctzt. Fotos und Logo: Claudia Klamt<\/p>\n","protected":false},"author":1,"featured_media":0,"parent":0,"menu_order":0,"comment_status":"closed","ping_status":"closed","template":"","meta":{"footnotes":""},"class_list":["post-62","page","type-page","status-publish","hentry"],"aioseo_notices":[],"_links":{"self":[{"href":"https:\/\/reserved-for-yoga.de\/index.php?rest_route=\/wp\/v2\/pages\/62","targetHints":{"allow":["GET"]}}],"collection":[{"href":"https:\/\/reserved-for-yoga.de\/index.php?rest_route=\/wp\/v2\/pages"}],"about":[{"href":"https:\/\/reserved-for-yoga.de\/index.php?rest_route=\/wp\/v2\/types\/page"}],"author":[{"embeddable":true,"href":"https:\/\/reserved-for-yoga.de\/index.php?rest_route=\/wp\/v2\/users\/1"}],"replies":[{"embeddable":true,"href":"https:\/\/reserved-for-yoga.de\/index.php?rest_route=%2Fwp%2Fv2%2Fcomments&post=62"}],"version-history":[{"count":4,"href":"https:\/\/reserved-for-yoga.de\/index.php?rest_route=\/wp\/v2\/pages\/62\/revisions"}],"predecessor-version":[{"id":148,"href":"https:\/\/reserved-for-yoga.de\/index.php?rest_route=\/wp\/v2\/pages\/62\/revisions\/148"}],"wp:attachment":[{"href":"https:\/\/reserved-for-yoga.de\/index.php?rest_route=%2Fwp%2Fv2%2Fmedia&parent=62"}],"curies":[{"name":"wp","href":"https:\/\/api.w.org\/{rel}","templated":true}]}}